{"id":3438542,"date":"2025-11-05T10:14:03","date_gmt":"2025-11-05T09:14:03","guid":{"rendered":"https:\/\/stockholmsmassan.se\/skapa-event\/lokaler\/t6\/"},"modified":"2025-11-05T10:14:03","modified_gmt":"2025-11-05T09:14:03","slug":"t6","status":"publish","type":"lokaler","link":"https:\/\/stockholmsmassan.se\/en\/create-event\/venues\/t6\/","title":{"rendered":"T6"},"content":{"rendered":"<p>T6 is a flexible space suitable for a wide range of needs. The foyer outside is ideal for exhibitions, coffee breaks and networking at standing tables. <\/p>\n","protected":false},"excerpt":{"rendered":"<p>T6 \u00e4r en flexibel lokal med m\u00e5nga m\u00f6jliga sittningar. Foaj\u00e9n utanf\u00f6r \u00e4r den perfekta platsen f\u00f6r utst\u00e4llningar, inspirerande kaffepauser och mingel vid st\u00e5bord. <\/p>\n","protected":false},"author":6,"featured_media":3438596,"template":"","antal-personer":[],"m2":[],"typ-av-event":[521,520],"typ-av-lokal":[566],"class_list":["post-3438542","lokaler","type-lokaler","status-publish","has-post-thumbnail","hentry","typ-av-event-conference","typ-av-event-congress","typ-av-lokal-conference-room"],"acf":[],"_links":{"self":[{"href":"https:\/\/stockholmsmassan.se\/en\/wp-json\/wp\/v2\/lokaler\/3438542","targetHints":{"allow":["GET"]}}],"collection":[{"href":"https:\/\/stockholmsmassan.se\/en\/wp-json\/wp\/v2\/lokaler"}],"about":[{"href":"https:\/\/stockholmsmassan.se\/en\/wp-json\/wp\/v2\/types\/lokaler"}],"author":[{"embeddable":true,"href":"https:\/\/stockholmsmassan.se\/en\/wp-json\/wp\/v2\/users\/6"}],"version-history":[{"count":0,"href":"https:\/\/stockholmsmassan.se\/en\/wp-json\/wp\/v2\/lokaler\/3438542\/revisions"}],"wp:featuredmedia":[{"embeddable":true,"href":"https:\/\/stockholmsmassan.se\/en\/wp-json\/wp\/v2\/media\/3438596"}],"wp:attachment":[{"href":"https:\/\/stockholmsmassan.se\/en\/wp-json\/wp\/v2\/media?parent=3438542"}],"wp:term":[{"taxonomy":"antal-personer","embeddable":true,"href":"https:\/\/stockholmsmassan.se\/en\/wp-json\/wp\/v2\/antal-personer?post=3438542"},{"taxonomy":"m2","embeddable":true,"href":"https:\/\/stockholmsmassan.se\/en\/wp-json\/wp\/v2\/m2?post=3438542"},{"taxonomy":"typ-av-event","embeddable":true,"href":"https:\/\/stockholmsmassan.se\/en\/wp-json\/wp\/v2\/typ-av-event?post=3438542"},{"taxonomy":"typ-av-lokal","embeddable":true,"href":"https:\/\/stockholmsmassan.se\/en\/wp-json\/wp\/v2\/typ-av-lokal?post=3438542"}],"curies":[{"name":"wp","href":"https:\/\/api.w.org\/{rel}","templated":true}]}}

<p>T6 är en flexibel lokal med många möjliga sittningar. Foajén utanför är den perfekta platsen för utställningar, inspirerande kaffepauser och mingel vid ståbord. </p>
